alculate the greatest common factor of w and 110.
22
Suppose i - 1950 = -i. Let g be 2/(-8) + i/12. Let x be 0 + 0 - (3 - 12). Calculate the greatest common divisor of x and g.
9
Suppose -5*b = -3*b - 10. Calculate the greatest common factor of 10 and b.
5
Suppose 5*m + 6 - 76 = 0. Let u(k) = k**3 + 7*k**2 + 4*k + 2. Let p = -10 + 4. Let b be u(p). What is the highest common divisor of b and m?
14
Let u(j) = 11*j - 2. Let w be u(6). What is the greatest common divisor of w and 4?
4
Let y(l) be the third derivative of l**6/120 + l**5/12 + l**4/8 + l**3/3 - 4*l**2. Let i be y(-4). Calculate the greatest common divisor of 9 and i.
3
Let f = 8 - 4. Let n(t) = -t**3 + 6*t**2 - 5*t. Let b be n(f). Calculate the greatest common divisor of 30 and b.
6
Let f be ((-42)/35)/((-2)/30). Calculate the greatest common divisor of f and 90.
18
Let d be (-18)/(-12) - 3/(-2). Suppose -d*h + 11 = -1. Calculate the highest common divisor of h and 12.
4
Let x be ((-573)/4)/(-3) + 3/12. Suppose d - 20 = -8. What is the highest common divisor of x and d?
12
Let z(r) = r + 2. Let u be z(6). Calculate the highest common factor of u and 8.
8
Let j(u) = 0*u + 7*u + 2*u. Let g(m) = -m**2 - 4*m + 4. Let z be g(-4). Let p be j(z). What is the highest common factor of 24 and p?
12
Let n = 48 - 22. Suppose 3*a - 110 = -2*a. Suppose -4*q + a = -238. Calculate the greatest common divisor of n and q.
13
Let z(x) = -36*x**3 + x**2 + 2*x + 1. Let k be z(-1). Suppose -4*t = -t - 54. What is the greatest common factor of t and k?
18
Let h(r) = 37*r**2 - 1. Let s be h(1). Suppose 2*g - 4*g = 0. Suppose g*d = 5*d - 270. What is the greatest common factor of s and d?
18
Let g(l) = -4*l - 3. Let z be g(-2). Suppose 0 = 3*n + z*h - 0*h - 98, 3*n - 100 = -4*h. Calculate the greatest common divisor of 18 and n.
18
Suppose -4*n + 538 = -h, 0 = -n - 3*n - 5*h + 550. What is the highest common divisor of 27 and n?
27
Let r = -11 - -15. Suppose -4*k = r*p - 372, -2*p + 337 = 2*p - 3*k. What is the highest common divisor of 8 and p?
8
Let h(l) = 2*l. Let d be h(5). Suppose -2*x + 176 = 4*k, x + 2*k - 96 = -2*k. Calculate the highest common divisor of x and d.
10
Suppose 6*g - g = 475. Let z(q) = -q + 12. Suppose 0 = -4*t + 2*t - 14. Let p be z(t). Calculate the greatest common factor of p and g.
19
Let z be 2 + -4 + 4 + 7. What is the greatest common factor of z and 27?
9
Suppose 4*r = 2*r + 34. Calculate the greatest common factor of 119 and r.
17
Let w be 10/(-4)*2*-1. Suppose w*y = y + 12. What is the greatest common divisor of 6 and y?
3
Suppose 0 = -z + 3*c + 1 + 2, -z = 5*c + 13. Let j be 1/((z/(-5))/3). Let m(k) = k. Let b be m(j). What is the highest common factor of b and 25?
5
Suppose -3*m = -m - 8. Let v(f) = -f**2 - 7*f - 6. Let t be v(-6). Suppose x + t*x = 2. What is the highest common factor of m and x?
2
Suppose -q = w - 4, -q - q = -w - 17. Let s be ((-315)/(-10))/(6/16). Suppose -7*a + 3*a = -s. What is the greatest common divisor of q and a?
7
Let y = 0 - -19. Let d(o) = o**3 + 2*o**2 - 4*o - 3. Let j be d(5). Calculate the greatest common divisor of y and j.
19
Let j(o) = o**3 - 9*o**2 + 3*o - 16. Let i be j(9). What is the greatest common divisor of 22 and i?
11
Suppose 0 = 5*j - 15 - 10. Let h = -1 - -2. Calculate the highest common divisor of j and h.
1
Let n(d) = 4*d**3 - 4. Let u be n(3). Let q = u - 72. Suppose -z + 4*z - 52 = 4*h, -z + q = -5*h. What is the highest common factor of 3 and z?
3
Let t(p) = 2*p**3 - 11*p**2 + 11*p - 37. Let r be t(7). What is the highest common factor of 17 and r?
17
Let y = 46 - 16. Calculate the highest common factor of y and 6.
6
Suppose -12*q - 6 = -15*q. Calculate the highest common divisor of q and 16.
2
Suppose 10*f - 36 = 7*f. Let x be 4/(-6)*(-90)/f. Calculate the highest common factor of 2 and x.
1
Suppose -8*l - 45 = -181. What is the greatest common factor of l and 153?
17
Let b(x) be the third derivative of -x**6/120 + 2*x**5/15 + 13*x**4/24 - 2*x**3 + 3*x**2. Let m be b(9). What is the greatest common divisor of 12 and m?
12
Let k be (-111)/(-12) - 1/4. Let b(y) = y**3 - 20*y**2 + 18*y - 11. Let u be b(18). Let x = -236 - u. What is the greatest common divisor of x and k?
9
Let u(h) = -2*h + h - 8 - 4 + 3. Let m be u(-7). Let d be 20 + (-6)/(5 + m). What is the highest common divisor of 36 and d?
18
Let f = 19 + -5. Suppose -n = -f - 7. What is the greatest common factor of n and 42?
21
Let w(p) = 2*p**2 - 16*p + 14. Let n be w(-10). Calculate the highest common divisor of n and 34.
34
Let c(q) = q + 9. Let n be c(-6). Calculate the highest common divisor of n and 2.
1
Suppose 3*m - 4*s - 11 = -2*s, -5*s = -5*m + 25. What is the greatest common factor of m and 1?
1
Let g be 6/15 - 52/(-20). What is the greatest common factor of 21 and g?
3
Suppose 3*f - 1 = -7. Let z be -5*(378/15)/f. Calculate the highest common divisor of 7 and z.
7
Suppose -5*n = 3*v - 40, -v = -3*v + 3*n + 33. Calculate the greatest common divisor of 5 and v.
5
Suppose -50 = -r - 4*r. Suppose r = p - 0. Let j(m) = 6*m - 3. Let i be j(p). What is the greatest common factor of i and 38?
19
Let t be (3 + -7 + -5)*(-2 + -1). Calculate the highest common factor of t and 81.
27
Let t be 6 - 4/(4/3). Suppose q - t*y = 92, -4*y + 55 = 2*q - 89. Suppose -q = -4*r + 140. Calculate the highest common divisor of 22 and r.
11
Let z(h) = -h**3 - 5*h**2 + 4*h + 1. Let x be z(-6). Suppose 0 = 3*g - 4 + 16. Let y be (572/(-8))/(2/g). Calculate the greatest common factor of x and y.
13
Let p be (-2)/16 + (27/(-24))/(-1). What is the greatest common divisor of p and 1?
1
Let z(n) = n**2 + 4*n + 5. Let y be z(-4). Suppose -4*k - 2 = y*a + 4, a = -5*k + 3. Calculate the highest common divisor of 1 and k.
1
Let y = 437 + -304. Suppose -4*c + 3 = -73. What is the greatest common divisor of y and c?
19
Let k(c) = 10*c**2 - 56*c - 6. Let d be k(6). Let b(a) = -2*a + 1. Let z be b(-4). What is the greatest common factor of d and z?
9
Suppose -301 = -3*h - 127. Suppose 5*a + 8 - h = 0. Let x(f) = 12*f + 8. Let b be x(6). What is the greatest common divisor of a and b?
10
Suppose 2*l - 144 = -4*z, 4*l + 21 = z - 6. What is the highest common divisor of z and 35?
35
Let t be (-23)/(-1) - (-4 + 3). Let h(c) = c**3 - 5*c**2 + 3*c - 7. Let y be h(5). Calculate the greatest common divisor of t and y.
8
Suppose 10*d - 605 = 5*d. What is the greatest common divisor of d and 11?
11
Let i = 42 + -29. Suppose -13 = -c - 0. Calculate the highest common divisor of c and i.
13
Let l(t) = -2*t**3 + 8*t**2 - 4*t - 1. Let g be l(3). Let p be (-66)/(-10) - 2/(-5). Let c = p - g. Calculate the highest common factor of c and 14.
2
Suppose f = -3 + 7. Suppose 2*t - 2*x = -f, 5*t + 0*x = x - 2. Suppose -3*v + 0*v = 3*g, t = -5*v + 3*g + 16. What is the greatest common divisor of v and 14?
2
Let g = -2 - -10. Let j(n) = n - 7. Let k be j(g). Let h be (-3 + 165)/(k + 0). Calculate the greatest common factor of h and 18.
18
Suppose -12 = -2*q - q. Calculate the highest common divisor of 12 and q.
4
Let k(s) = 12*s**2 + s. Let m be k(-1). Calculate the greatest common divisor of 44 and m.
11
Let a = -3 - -7. What is the highest common factor of a and 2?
2
Let j = 26 + 9. Let y be (2*-4 + 3)*-1. What is the greatest common divisor of j and y?
5
Let w(a) = 4*a**2 - 6*a + 3. Let t be w(2). Suppose -2 = -i + 19. Calculate the greatest common factor of t and i.
7
Suppose 26 = 5*k - 4*c + 8, -5*c = -4*k + 9. What is the highest common divisor of 96 and k?
6
Let x = 10 + -7. Let c be (-2 - 0)*9/(-2). Suppose x*v - 135 + c = 0. What is the greatest common factor of 28 and v?
14
Let x(v) = -v**2 - 4*v. Let w be x(-4). Let m = w + 8. Let z(o) = -22*o - 2. Let g be z(-3). Calculate the highest common divisor of g and m.
8
Let p = 4 + -4. Suppose p*f = 4*f - 12. Let c(d) = 6*d - 2. Let m be c(f). Calculate the greatest common divisor of m and 24.
8
Let t = 29 - 21. Let g be ((-3)/6)/(2/4). Let y be ((-16)/6)/(g/3). Calculate the highest common factor of y and t.
8
Suppose -2*s - 2*x + 36 = 2*s, 5*x + 50 = 4*s. What is the greatest common factor of s and 2?
2
Suppose 22 - 91 = -3*q. Calculate the greatest common factor of 161 and q.
23
Suppose 3*a - 6*a + 9 = 0. Calculate the highest common factor of 12 and a.
3
L